{"id":75,"date":"2022-01-17T13:36:48","date_gmt":"2022-01-17T13:36:48","guid":{"rendered":"https:\/\/blog.yoopies.se\/hallbart-distansarbete-hur-kan-jag-bli-effektiv-ma-battre\/"},"modified":"2025-06-12T08:39:12","modified_gmt":"2025-06-12T08:39:12","slug":"hallbart-distansarbete-hur-kan-jag-bli-effektiv-ma-battre","status":"publish","type":"page","link":"https:\/\/yoopies.se\/c\/hallbart-distansarbete-hur-kan-jag-bli-effektiv-ma-battre\/","title":{"rendered":"H\u00e5llbart distansarbete &#8211; hur kan jag bli mer effektiv och m\u00e5 b\u00e4ttre?"},"content":{"rendered":"<p><p>\u200b\u200bVi har, efter snart tv&aring; &aring;r sedan pandemins start, b&ouml;rjat v&auml;nja oss vid v&aring;r &#8221;nya verklighet&#8221;. Under pandemin uppm&auml;ttes antalet svenska anst&auml;llda som arbetar hemifr&aring;n, p&aring; heltid eller deltid, till 53%. Samtidigt som vi arbetar p&aring; som vanligt hemifr&aring;n tar n&auml;stan h&auml;lften av oss &auml;ven hand om v&aring;ra n&auml;ra och k&auml;ra, s&aring;som &auml;ldre familjemedlemmar, husdjur och v&aring;ra barn. N&auml;r 9 av 10 arbetande vill forts&auml;tta jobba hemifr&aring;n efter pandemin m&aring;ste vi st&auml;lla oss f&ouml;ljande fr&aring;ga: Vilka nya l&ouml;sningar b&ouml;r vi leta efter f&ouml;r att hitta en b&auml;ttre balans i livet efter pandemin n&auml;r m&aring;nga svenskar fortsatt arbetar hemifr&aring;n?<\/p>\n<\/p>\n<figure><img decoding=\"async\" src=\"https:\/\/yoopies.se\/c\/wp-content\/uploads\/sites\/16\/2022\/01\/20b82539-ecc2-4424-8c70-a3c4b6994f54-untitleddesign.jpg\" \/><\/figure>\n<p><h2>Inneh&aring;ll:<\/h2>\n<ol>\n<li><a href=\"https:\/\/#h2-2\">Skapa rutiner<\/a><\/li>\n<li><a href=\"https:\/\/#h2-3\">Kom ut och r&ouml;r p&aring; dig!<\/a><\/li>\n<li><a href=\"https:\/\/#h2-4\">&#8221;Work-life balance&#8221;<\/a><\/li>\n<li><a href=\"https:\/\/#h2-5\">Fixa ett hemmakontor<\/a><\/li>\n<li><a href=\"https:\/\/#h2-6\">Skapa dig en fritid du trivs med<\/a><\/li>\n<\/ol>\n<p><h2>1. Skapa rutiner<\/h2>\n<\/p>\n<p>Under pandemin d&aring; livet v&auml;ndes upp och ner f&ouml;r m&aring;nga svenskar f&ouml;rstod vi vikten av att ha bra rutiner. Vi ins&aring;g hur stor skillnad det kan g&ouml;ra f&ouml;r v&aring;rt v&auml;lm&aring;ende att komma ut ur huset, ta den d&auml;r korta promenaden till bussen eller avnjuta morgonkaffen med kollegan i fikarummet. Rutiner kan inte bara bidra till ett b&auml;ttre mentalt v&auml;lm&aring;ende, rutiner kan &auml;ven g&ouml;ra oss mer effektiva. Att ha regelbundna tider f&ouml;r s&ouml;mn, &aring;terh&auml;mtning, motion och l&auml;xl&auml;sning&nbsp; kan g&ouml;ra att vardagen fungerar b&auml;ttre och att vi hinner med allt vi planerat att g&ouml;ra!&nbsp;<\/p>\n<p>Starta arbetsdagen som vanligt &auml;ven n&auml;r du arbetar hemifr&aring;n f&ouml;r att h&aring;lla uppe rutinerna &#8211; ta en dusch, &auml;r en ordentlig frukost och byt om fr&aring;n pyjamasen till arbetskl&auml;der, eller iallafall ett annat par mjukisbyxor!<\/p>\n<\/p>\n<h2>2. Kom ut och r&ouml;r p&aring; dig!<\/h2>\n<\/p>\n<p>Vi &auml;r vana vid att komma ut ur huset och r&ouml;ra p&aring; oss dagligen, &auml;ven om det bara g&auml;ller en kort promenad till bussen eller om du hoppar av en station tidigare f&ouml;r att handla middag p&aring; v&auml;gen hem fr&aring;n jobbet. Dessa korta aktiva pauser &auml;r vitala f&ouml;r v&aring;r h&auml;lsa &#8211; &auml;ven om du tr&auml;nar regelbundet! Om du r&ouml;r p&aring; dig minst en halvtimme varje dag l&ouml;per du mindre risk f&ouml;r en m&auml;ngd sjukdomar &#8211; bland annat hj&auml;rt- och k&auml;rlsjukdomar, vissa cancerformer och typ-2-diabetes. Sitter du ist&auml;llet stilla flera timmar i str&auml;ck &ouml;kar risken f&ouml;r dessa sjukdomar.&nbsp;<\/p>\n<p>S&auml;tt en timer p&aring; mobilen och str&auml;ck p&aring; dig en g&aring;ng i timmen, promenera till mataff&auml;ren ist&auml;llet f&ouml;r att ta bilen eller ta trapporna ist&auml;llet f&ouml;r hissen. Det kr&auml;vs inte mycket f&ouml;r att du ska uppleva en stor skillnad!<\/p>\n<\/p>\n<h2>3. &#8221;Work-life balance&#8221;<\/h2>\n<\/p>\n<p>Sedan pandemin b&ouml;rjade i mars 2020 har psykiskt v&auml;lbefinnande n&aring;tt sin l&auml;gsta niv&aring; i alla &aring;ldersgrupper. Vi m&aring;ste vara mer medvetna om vikten av att hitta r&auml;tt balans i livet. En f&auml;rsk unders&ouml;kning visar att 2 av 3 anst&auml;llda k&auml;nner att mental belastning p&aring;verkar deras prestationer p&aring; jobbet, vilket &auml;r en v&auml;xande utmaning f&ouml;r f&ouml;retagen. Samma unders&ouml;kning visar att 94% av de anst&auml;llda m&aring;ste hantera minst en aspekt av privatlivet p&aring; jobbet.&nbsp;<\/p>\n<p>Vad kan vi g&ouml;ra f&ouml;r att &auml;ndra p&aring; det? En av de st&ouml;rsta hemtj&auml;nstplattformarna i Europa, <a href=\"http:\/\/yoopies.se\">Yoopies<\/a>, g&aring;r just nu in p&aring; den svenska marknaden och &auml;r redo att erbjuda flexibla jobbm&ouml;jligheter f&ouml;r de som s&ouml;ker jobb och skr&auml;ddarsydda l&ouml;sningar f&ouml;r arbetande barnfamiljer och djur&auml;gare. <a href=\"http:\/\/yoopies.se\">Yoopies<\/a> &auml;r ett enast&aring;ende exempel p&aring; en modern och p&aring;litlig l&ouml;sning f&ouml;r alla m&auml;nniskor som s&ouml;ker hj&auml;lp och de som erbjuder den. <\/p>\n<\/p>\n<h2>4. Fixa ett hemmakontor<\/h2>\n<\/p>\n<p>P&aring; kontoret har vi ofta tillg&aring;ng till en ergonomisk stol, ett skrivbord vi kan h&ouml;ja\/s&auml;nka f&ouml;r att v&auml;xla vinkeln vi kollar p&aring; datorn i, och &auml;ven om det inte &auml;r m&ouml;jligt att skapa riktigt samma f&ouml;ruts&auml;ttningar hemma b&ouml;r vi&nbsp; f&ouml;rs&ouml;ka skapa en genomt&auml;nkt arbetsplats&nbsp; hemma. Har du m&ouml;jlighet att g&ouml;ra det, dedikera g&auml;rna ett rum, eller iallafall en mindre plats till din arbetsyta&nbsp; s&aring; att du &aring;terskapar k&auml;nslan av att &ldquo;l&auml;mna jobbet&rdquo; n&auml;r du &auml;r klar f&ouml;r dagen!<\/p>\n<p>Sitt inte i soffan och arbeta i en d&aring;lig vinkel, utan s&auml;tt dig vid matsalsbordet och b&auml;r in s&auml;nglampan f&ouml;r extraljus. Om du har en gammal skokartong liggandes i garderoben kan den fungera perfekt som ett alternativ till de h&ouml;j- och s&auml;nkbara skrivborden vi &auml;r vana vid genom att st&auml;lla laptopen p&aring; skol&aring;dan!<\/p>\n<\/p>\n<h2>5. Skapa dig en fritid du trivs med<\/h2>\n<\/p>\n<p>Det &auml;r viktigt att vi upplever att vi har en fritid vi m&aring;r bra av och att vi skapar tid f&ouml;r att g&ouml;ra det just vi sj&auml;lva tycker &auml;r roligt! Kanske tycker du om att komma ut i naturen, att se nya kritikerrosade filmer eller att laga mat? Att skapa tid f&ouml;r det som f&aring;r just dig att m&aring; bra &auml;r viktigt f&ouml;r att ladda upp batterierna och orka med vardagen och allt som h&ouml;r till.&nbsp;<\/p>\n<p>F&ouml;r att skapa tid d&auml;r den inte tycks finnas tipsar vi om att ta genv&auml;gar. K&ouml;p hem p&aring;sar med f&auml;rdighackade gr&ouml;nsaker eller pastas&aring;ser som bara ska v&auml;rmas p&aring;, skaffa ett program som samlar alla kvitton p&aring; en plats, eller en tj&auml;nst som <a href=\"http:\/\/yoopies.se\">Yoopies<\/a> d&auml;r du har alla hemtj&auml;nster du beh&ouml;ver samlade p&aring; en l&auml;ttnavigerad plattform och app. F&ouml;r att vinna tid i vardagen &#8211; ta genv&auml;gar!&nbsp;<\/p>\n<p>&Auml;ven om du &auml;r en av de som &aring;terg&aring;r till kontoret nu i h&ouml;st&nbsp; kan det vara v&auml;rt att komma ih&aring;g dessa tips. Att h&aring;lla rutiner, att ta emot hj&auml;lp och att skapa genv&auml;gar f&ouml;r att hitta en b&auml;ttre balans mellan arbete och privatliv &auml;r n&aring;gra nycklar till ett b&auml;ttre balanserat och lyckligare liv!<\/p>\n<\/p>\n<p><a class=\"button\" href=\"https:\/\/www.yoopies.se\">Hitta den perfekta v\u00e5rdgivaren f\u00f6r mig!<\/a><\/p>\n<p><h3>K&auml;llor:<\/h3>\n<ol>\n<li>Netigate. Netigates rapport p&aring; TV4: Fler svenskar vill jobba hemifr&aring;n efter pandemin. Netigate. Senast uppdaterad: 8 mars, 2021.&nbsp; <a href=\"https:\/\/www.netigate.net\/sv\/articles\/undersokningar\/netigates-rapport-pa-tv4-fler-svenskar-vill-jobba-hemifran-efter-pandemin\/\">https:\/\/www.netigate.net\/sv\/articles\/undersokningar\/netigates-rapport-pa-tv4-fler-svenskar-vill-jobba-hemifran-efter-pandemin\/<\/a> (H&auml;mtad 2021-10-20).<\/li>\n<li>Folkh&auml;lsomyndigheten. Skapa rutiner som f&aring;r dig att m&aring; bra. Folkh&auml;lsomyndigheten. 2020. <a href=\"https:\/\/www.folkhalsomyndigheten.se\/fokus-psykisk-halsa\/tips-for-att-ma-battre\/skapa-rutiner-som-far-dig-att-ma-bra\/\">https:\/\/www.folkhalsomyndigheten.se\/fokus-psykisk-halsa\/tips-for-att-ma-battre\/skapa-rutiner-som-far-dig-att-ma-bra\/<\/a> (H&auml;mtad 2021-10-13).<\/li>\n<li>Livsmedelsverket. R&ouml;relse i vardagen &#8211; r&aring;d. Livsmedelsverket. Senast granskad 2021-06-08. <a href=\"https:\/\/www.livsmedelsverket.se\/matvanor-halsa--miljo\/kostrad\/rad-om-bra-mat-hitta-ditt-satt\/rorelse-i-vardagen---rad\">https:\/\/www.livsmedelsverket.se\/matvanor-halsa&#8211;miljo\/kostrad\/rad-om-bra-mat-hitta-ditt-satt\/rorelse-i-vardagen&#8212;rad<\/a> (H&auml;mtad 2021-10-12).<\/li>\n<li>Eurofound (2021), Living, working and COVID-19 (Update April 2021): Mental health and trust decline across EU as pandemic enters another year, Publications Office of the European Union, Luxembourg. (H&auml;mtad 2021-10-05).<\/li>\n<li>Yoopies Worklife Survey <a href=\"https:\/\/yoopies.fr\/presse\/etude-yoopies-charge-mentale-au-travail\">https:\/\/yoopies.fr\/presse\/etude-yoopies-charge-mentale-au-travail<\/a> (H&auml;mtad 2021-10-05). <\/li>\n<\/ol>\n","protected":false},"excerpt":{"rendered":"<p>\u200b\u200bVi har, efter snart tv&aring; &aring;r sedan pandemins start, b&ouml;rjat v&auml;nja oss vid v&aring;r &#8221;nya &hellip; <\/p>\n","protected":false},"author":10,"featured_media":77,"parent":0,"menu_order":0,"comment_status":"closed","ping_status":"closed","template":"","meta":{"_acf_changed":false,"footnotes":""},"class_list":["post-75","page","type-page","status-publish","has-post-thumbnail","hentry"],"acf":[],"yoast_head":"<!-- This site is optimized with the Yoast SEO plugin v26.9 - https:\/\/yoast.com\/product\/yoast-seo-wordpress\/ -->\n<title>H\u00e5llbart distansarbete - hur kan jag bli mer effektiv och m\u00e5 b\u00e4ttre?<\/title>\n<meta name=\"description\" content=\"Distansarbete, eller att jobba hemifr\u00e5n, har blivit alltmer popul\u00e4rt sedan pandemins start. Nedan har vi listat tips p\u00e5 vad du kan g\u00f6ra f\u00f6r att f\u00f6rb\u00e4ttra ditt fysiska och mentala v\u00e4lbefinnande under n\u00e4r du arbetar hemifr\u00e5n.\" \/>\n<meta name=\"robots\" content=\"index, follow, max-snippet:-1, max-image-preview:large, max-video-preview:-1\" \/>\n<link rel=\"canonical\" href=\"https:\/\/yoopies.se\/c\/hallbart-distansarbete-hur-kan-jag-bli-effektiv-ma-battre\/\" \/>\n<meta property=\"og:locale\" content=\"sv_SE\" \/>\n<meta property=\"og:type\" content=\"article\" \/>\n<meta property=\"og:title\" content=\"H\u00e5llbart distansarbete - hur kan jag bli mer effektiv och m\u00e5 b\u00e4ttre?\" \/>\n<meta property=\"og:description\" content=\"Distansarbete, eller att jobba hemifr\u00e5n, har blivit alltmer popul\u00e4rt sedan pandemins start. Nedan har vi listat tips p\u00e5 vad du kan g\u00f6ra f\u00f6r att f\u00f6rb\u00e4ttra ditt fysiska och mentala v\u00e4lbefinnande under n\u00e4r du arbetar hemifr\u00e5n.\" \/>\n<meta property=\"og:url\" content=\"https:\/\/yoopies.se\/c\/hallbart-distansarbete-hur-kan-jag-bli-effektiv-ma-battre\/\" \/>\n<meta property=\"og:site_name\" content=\"Yoopies Sverige\" \/>\n<meta property=\"article:modified_time\" content=\"2025-06-12T08:39:12+00:00\" \/>\n<meta property=\"og:image\" content=\"https:\/\/yoopies.se\/c\/wp-content\/uploads\/sites\/16\/2022\/01\/61505023-9759-4748-a74c-00a52d440464-pexels-artem-podrez-449212928129.jpg\" \/>\n\t<meta property=\"og:image:width\" content=\"1200\" \/>\n\t<meta property=\"og:image:height\" content=\"675\" \/>\n\t<meta property=\"og:image:type\" content=\"image\/jpeg\" \/>\n<meta name=\"twitter:card\" content=\"summary_large_image\" \/>\n<meta name=\"twitter:label1\" content=\"Ber\u00e4knad l\u00e4stid\" \/>\n\t<meta name=\"twitter:data1\" content=\"7 minuter\" \/>\n<script type=\"application\/ld+json\" class=\"yoast-schema-graph\">{\"@context\":\"https:\/\/schema.org\",\"@graph\":[{\"@type\":\"WebPage\",\"@id\":\"https:\/\/yoopies.se\/c\/hallbart-distansarbete-hur-kan-jag-bli-effektiv-ma-battre\/\",\"url\":\"https:\/\/yoopies.se\/c\/hallbart-distansarbete-hur-kan-jag-bli-effektiv-ma-battre\/\",\"name\":\"H\u00e5llbart distansarbete - hur kan jag bli mer effektiv och m\u00e5 b\u00e4ttre?\",\"isPartOf\":{\"@id\":\"https:\/\/yoopies.se\/c\/#website\"},\"primaryImageOfPage\":{\"@id\":\"https:\/\/yoopies.se\/c\/hallbart-distansarbete-hur-kan-jag-bli-effektiv-ma-battre\/#primaryimage\"},\"image\":{\"@id\":\"https:\/\/yoopies.se\/c\/hallbart-distansarbete-hur-kan-jag-bli-effektiv-ma-battre\/#primaryimage\"},\"thumbnailUrl\":\"https:\/\/yoopies.se\/c\/wp-content\/uploads\/sites\/16\/2022\/01\/61505023-9759-4748-a74c-00a52d440464-pexels-artem-podrez-449212928129.jpg\",\"datePublished\":\"2022-01-17T13:36:48+00:00\",\"dateModified\":\"2025-06-12T08:39:12+00:00\",\"description\":\"Distansarbete, eller att jobba hemifr\u00e5n, har blivit alltmer popul\u00e4rt sedan pandemins start. Nedan har vi listat tips p\u00e5 vad du kan g\u00f6ra f\u00f6r att f\u00f6rb\u00e4ttra ditt fysiska och mentala v\u00e4lbefinnande under n\u00e4r du arbetar hemifr\u00e5n.\",\"breadcrumb\":{\"@id\":\"https:\/\/yoopies.se\/c\/hallbart-distansarbete-hur-kan-jag-bli-effektiv-ma-battre\/#breadcrumb\"},\"inLanguage\":\"sv-SE\",\"potentialAction\":[{\"@type\":\"ReadAction\",\"target\":[\"https:\/\/yoopies.se\/c\/hallbart-distansarbete-hur-kan-jag-bli-effektiv-ma-battre\/\"]}]},{\"@type\":\"ImageObject\",\"inLanguage\":\"sv-SE\",\"@id\":\"https:\/\/yoopies.se\/c\/hallbart-distansarbete-hur-kan-jag-bli-effektiv-ma-battre\/#primaryimage\",\"url\":\"https:\/\/yoopies.se\/c\/wp-content\/uploads\/sites\/16\/2022\/01\/61505023-9759-4748-a74c-00a52d440464-pexels-artem-podrez-449212928129.jpg\",\"contentUrl\":\"https:\/\/yoopies.se\/c\/wp-content\/uploads\/sites\/16\/2022\/01\/61505023-9759-4748-a74c-00a52d440464-pexels-artem-podrez-449212928129.jpg\",\"width\":1200,\"height\":675},{\"@type\":\"BreadcrumbList\",\"@id\":\"https:\/\/yoopies.se\/c\/hallbart-distansarbete-hur-kan-jag-bli-effektiv-ma-battre\/#breadcrumb\",\"itemListElement\":[{\"@type\":\"ListItem\",\"position\":1,\"name\":\"Home\",\"item\":\"https:\/\/yoopies.se\/c\/\"},{\"@type\":\"ListItem\",\"position\":2,\"name\":\"H\u00e5llbart distansarbete &#8211; hur kan jag bli mer effektiv och m\u00e5 b\u00e4ttre?\"}]},{\"@type\":\"WebSite\",\"@id\":\"https:\/\/yoopies.se\/c\/#website\",\"url\":\"https:\/\/yoopies.se\/c\/\",\"name\":\"Yoopies Sverige\",\"description\":\"\",\"potentialAction\":[{\"@type\":\"SearchAction\",\"target\":{\"@type\":\"EntryPoint\",\"urlTemplate\":\"https:\/\/yoopies.se\/c\/?s={search_term_string}\"},\"query-input\":{\"@type\":\"PropertyValueSpecification\",\"valueRequired\":true,\"valueName\":\"search_term_string\"}}],\"inLanguage\":\"sv-SE\"}]}<\/script>\n<!-- \/ Yoast SEO plugin. -->","yoast_head_json":{"title":"H\u00e5llbart distansarbete - hur kan jag bli mer effektiv och m\u00e5 b\u00e4ttre?","description":"Distansarbete, eller att jobba hemifr\u00e5n, har blivit alltmer popul\u00e4rt sedan pandemins start. Nedan har vi listat tips p\u00e5 vad du kan g\u00f6ra f\u00f6r att f\u00f6rb\u00e4ttra ditt fysiska och mentala v\u00e4lbefinnande under n\u00e4r du arbetar hemifr\u00e5n.","robots":{"index":"index","follow":"follow","max-snippet":"max-snippet:-1","max-image-preview":"max-image-preview:large","max-video-preview":"max-video-preview:-1"},"canonical":"https:\/\/yoopies.se\/c\/hallbart-distansarbete-hur-kan-jag-bli-effektiv-ma-battre\/","og_locale":"sv_SE","og_type":"article","og_title":"H\u00e5llbart distansarbete - hur kan jag bli mer effektiv och m\u00e5 b\u00e4ttre?","og_description":"Distansarbete, eller att jobba hemifr\u00e5n, har blivit alltmer popul\u00e4rt sedan pandemins start. Nedan har vi listat tips p\u00e5 vad du kan g\u00f6ra f\u00f6r att f\u00f6rb\u00e4ttra ditt fysiska och mentala v\u00e4lbefinnande under n\u00e4r du arbetar hemifr\u00e5n.","og_url":"https:\/\/yoopies.se\/c\/hallbart-distansarbete-hur-kan-jag-bli-effektiv-ma-battre\/","og_site_name":"Yoopies Sverige","article_modified_time":"2025-06-12T08:39:12+00:00","og_image":[{"width":1200,"height":675,"url":"https:\/\/yoopies.se\/c\/wp-content\/uploads\/sites\/16\/2022\/01\/61505023-9759-4748-a74c-00a52d440464-pexels-artem-podrez-449212928129.jpg","type":"image\/jpeg"}],"twitter_card":"summary_large_image","twitter_misc":{"Ber\u00e4knad l\u00e4stid":"7 minuter"},"schema":{"@context":"https:\/\/schema.org","@graph":[{"@type":"WebPage","@id":"https:\/\/yoopies.se\/c\/hallbart-distansarbete-hur-kan-jag-bli-effektiv-ma-battre\/","url":"https:\/\/yoopies.se\/c\/hallbart-distansarbete-hur-kan-jag-bli-effektiv-ma-battre\/","name":"H\u00e5llbart distansarbete - hur kan jag bli mer effektiv och m\u00e5 b\u00e4ttre?","isPartOf":{"@id":"https:\/\/yoopies.se\/c\/#website"},"primaryImageOfPage":{"@id":"https:\/\/yoopies.se\/c\/hallbart-distansarbete-hur-kan-jag-bli-effektiv-ma-battre\/#primaryimage"},"image":{"@id":"https:\/\/yoopies.se\/c\/hallbart-distansarbete-hur-kan-jag-bli-effektiv-ma-battre\/#primaryimage"},"thumbnailUrl":"https:\/\/yoopies.se\/c\/wp-content\/uploads\/sites\/16\/2022\/01\/61505023-9759-4748-a74c-00a52d440464-pexels-artem-podrez-449212928129.jpg","datePublished":"2022-01-17T13:36:48+00:00","dateModified":"2025-06-12T08:39:12+00:00","description":"Distansarbete, eller att jobba hemifr\u00e5n, har blivit alltmer popul\u00e4rt sedan pandemins start. Nedan har vi listat tips p\u00e5 vad du kan g\u00f6ra f\u00f6r att f\u00f6rb\u00e4ttra ditt fysiska och mentala v\u00e4lbefinnande under n\u00e4r du arbetar hemifr\u00e5n.","breadcrumb":{"@id":"https:\/\/yoopies.se\/c\/hallbart-distansarbete-hur-kan-jag-bli-effektiv-ma-battre\/#breadcrumb"},"inLanguage":"sv-SE","potentialAction":[{"@type":"ReadAction","target":["https:\/\/yoopies.se\/c\/hallbart-distansarbete-hur-kan-jag-bli-effektiv-ma-battre\/"]}]},{"@type":"ImageObject","inLanguage":"sv-SE","@id":"https:\/\/yoopies.se\/c\/hallbart-distansarbete-hur-kan-jag-bli-effektiv-ma-battre\/#primaryimage","url":"https:\/\/yoopies.se\/c\/wp-content\/uploads\/sites\/16\/2022\/01\/61505023-9759-4748-a74c-00a52d440464-pexels-artem-podrez-449212928129.jpg","contentUrl":"https:\/\/yoopies.se\/c\/wp-content\/uploads\/sites\/16\/2022\/01\/61505023-9759-4748-a74c-00a52d440464-pexels-artem-podrez-449212928129.jpg","width":1200,"height":675},{"@type":"BreadcrumbList","@id":"https:\/\/yoopies.se\/c\/hallbart-distansarbete-hur-kan-jag-bli-effektiv-ma-battre\/#breadcrumb","itemListElement":[{"@type":"ListItem","position":1,"name":"Home","item":"https:\/\/yoopies.se\/c\/"},{"@type":"ListItem","position":2,"name":"H\u00e5llbart distansarbete &#8211; hur kan jag bli mer effektiv och m\u00e5 b\u00e4ttre?"}]},{"@type":"WebSite","@id":"https:\/\/yoopies.se\/c\/#website","url":"https:\/\/yoopies.se\/c\/","name":"Yoopies Sverige","description":"","potentialAction":[{"@type":"SearchAction","target":{"@type":"EntryPoint","urlTemplate":"https:\/\/yoopies.se\/c\/?s={search_term_string}"},"query-input":{"@type":"PropertyValueSpecification","valueRequired":true,"valueName":"search_term_string"}}],"inLanguage":"sv-SE"}]}},"_links":{"self":[{"href":"https:\/\/yoopies.se\/c\/wp-json\/wp\/v2\/pages\/75","targetHints":{"allow":["GET"]}}],"collection":[{"href":"https:\/\/yoopies.se\/c\/wp-json\/wp\/v2\/pages"}],"about":[{"href":"https:\/\/yoopies.se\/c\/wp-json\/wp\/v2\/types\/page"}],"author":[{"embeddable":true,"href":"https:\/\/yoopies.se\/c\/wp-json\/wp\/v2\/users\/10"}],"replies":[{"embeddable":true,"href":"https:\/\/yoopies.se\/c\/wp-json\/wp\/v2\/comments?post=75"}],"version-history":[{"count":1,"href":"https:\/\/yoopies.se\/c\/wp-json\/wp\/v2\/pages\/75\/revisions"}],"predecessor-version":[{"id":78,"href":"https:\/\/yoopies.se\/c\/wp-json\/wp\/v2\/pages\/75\/revisions\/78"}],"wp:featuredmedia":[{"embeddable":true,"href":"https:\/\/yoopies.se\/c\/wp-json\/wp\/v2\/media\/77"}],"wp:attachment":[{"href":"https:\/\/yoopies.se\/c\/wp-json\/wp\/v2\/media?parent=75"}],"curies":[{"name":"wp","href":"https:\/\/api.w.org\/{rel}","templated":true}]}}