{"id":16,"date":"2022-08-19T12:21:37","date_gmt":"2022-08-19T12:21:37","guid":{"rendered":"https:\/\/blog.yoopies.se\/statligt-stod-nar-du-anstaller-hemhjalp\/"},"modified":"2025-06-12T08:39:12","modified_gmt":"2025-06-12T08:39:12","slug":"statligt-stod-nar-du-anstaller-hemhjalp","status":"publish","type":"page","link":"https:\/\/yoopies.se\/c\/statligt-stod-nar-du-anstaller-hemhjalp\/","title":{"rendered":"Statligt st\u00f6d n\u00e4r du anst\u00e4ller hemhj\u00e4lp"},"content":{"rendered":"<p><p>Kanske har du hittat en barnvakt eller st&auml;dhj&auml;lp till ditt hem, eller s&aring; kanske du fortfarande letar efter den perfekta kandidaten. I processen har det nog iallafall uppkommit en del fr&aring;gor kring hur du ska g&aring; tillv&auml;ga f&ouml;r att <a href=\"https:\/\/yoopies.se\/c\/anstalla-barnvakt-privat\">anst&auml;lla en privatperson<\/a> och huruvida du &auml;r <strong>ber&auml;ttigad till n&aring;got avdrag f&ouml;r tj&auml;nsten.<\/strong> Vad s&auml;ger egentligen skattereglerna om betalning vid barnpassning eller st&auml;dhj&auml;lp i hemmet? Vilket monet&auml;rt st&ouml;d kan du f&aring;? Vi &auml;r h&auml;r f&ouml;r att hj&auml;lpa dig! <\/p>\n<p class=\"block-img\"><img decoding=\"async\" src=\"https:\/\/yoopies.se\/c\/wp-content\/uploads\/sites\/16\/2022\/08\/89e306bb-d4ca-44a0-8cf1-23bff2172e3d_pexels-fauxels-318446528129.jpg\" alt=\"\"><\/p>\n<h2><strong>Vad &auml;r rutavdraget?<\/strong><\/h2>\n<p><strong>RUT <\/strong>stod en g&aring;ng i tiden f&ouml;r &#8221;reng&ouml;ring, underh&aring;ll och tv&auml;tt&#8221;. Idag omfattar avdraget betydligt mer &auml;n s&aring;, men rutavdraget &auml;r skatteavdrag som man kan f&aring; g&ouml;ra f&ouml;r tj&auml;nster som utf&ouml;rs i eller i n&auml;ra anslutning till hemmet. Rutavdraget fungerar p&aring; s&aring; vis att du som best&auml;llt ett arbete enbart kan beh&ouml;va <strong>betala en viss procent av kostnaden<\/strong>, medan <strong>resterande kostnad finansieras via skatt. <\/strong><\/p>\n<p>Vilka arbeten som innefattas av rutavdraget, hur m&aring;nga procent av kostnaden som finansieras via skatt, och m&aring;nga andra vanliga fr&aring;gor kommer vi att g&aring; igenom i artikeln.<\/p>\n<h2><strong>Finns det n&aring;gon gr&auml;ns p&aring; hur mycket avdrag jag kan f&aring;?<\/strong><\/h2>\n<p>Tillsammans med rotavdraget (som &auml;r en f&ouml;rkortning f&ouml;r reparation, ombyggnad och tillbyggnad) har du <strong>r&auml;tt till avdrag p&aring; 75 000 kr per &aring;r.<\/strong> Av den summan f&aring;r h&ouml;gst 50 000 kronor vara rotavdrag. Du som ska anv&auml;nda rutavdraget<strong> <\/strong>ska st&aring; med p&aring; fakturan med namn och\/eller personnummer eller vara den som betalar fakturan. <strong>F&ouml;r allt arbete som &ouml;verstiger gr&auml;nsen p&aring; 75 000 kr st&aring;r du f&ouml;r hela kostnaden sj&auml;lv.<\/strong><\/p>\n<h2><strong>Hur m&aring;nga procent &auml;r rutavdraget?<\/strong><\/h2>\n<p>Du kan f&aring; rutavdrag p&aring; upp till <strong>50 procent av den totala arbetskostnaden. <\/strong>Detta inneb&auml;r allts&aring; att du skulle kunna f&aring; hj&auml;lp med hemst&auml;dning f&ouml;r totalt 100 000 kronor om &aring;ret, och om tj&auml;nsten innefattas av rutavdraget endast betala 50 000 kr genom rutavdraget.<\/p>\n<h2><strong>Vem har r&auml;tt till rutavdrag?<\/strong><\/h2>\n<p>F&ouml;r att ha r&auml;tt till rutavdrag st&auml;lls f&ouml;ljande krav p&aring; den som ans&ouml;ker:<\/p>\n<ul>\n<li>Du m&aring;ste vara <strong>&ouml;ver 18 &aring;r.<\/strong><\/li>\n<li>Du ska vara <strong>bosatt i Sverige<\/strong> och <strong>betala skatt<\/strong> i Sverige eller bo utomlands men v&auml;lja att beskattas i Sverige enligt inkomstskattelagen.<\/li>\n<li><strong>Arbetet m&aring;ste vara ett s&aring;dant som ber&auml;ttigar rutavdrag<\/strong>. <\/li>\n<li>Du som ans&ouml;ker om rutavdrag ska ha <strong>betalat f&ouml;r rutarbetet f&ouml;re &aring;rsskiftet.<\/strong><\/li>\n<li>Du som ans&ouml;ker m&aring;ste ha rutavdrag kvar att utnyttja av de <strong>75 000 kr i rut- och rotavdrag du har r&auml;tt till per &aring;r<\/strong>.<\/li>\n<li><strong>Du m&aring;ste helt eller delvis bo i den bostaden d&auml;r tj&auml;nsten utf&ouml;rs.<\/strong> Fritidshus, andelsl&auml;genhet eller stuga kan ocks&aring; r&auml;knas som bostad s&aring;vida du &auml;ger eller hyr bostaden. Undantaget &auml;r f&ouml;r arbete i f&ouml;r&auml;ldrars bostad, f&ouml;r arbete i dina f&ouml;r&auml;ldrars bostad har du r&auml;tt till rutavdrag &auml;ven om du inte &auml;r bosatt i deras bostad, s&aring; l&auml;nge de &auml;r bosatta i Sverige.<\/li>\n<li><strong>En n&auml;rst&aring;ende f&aring;r inte utf&ouml;ra arbetet <\/strong>som sedan ska bli skattereducerat med rutavdrag. <\/li>\n<li>Du som <strong>bedriver enskild firma<\/strong> eller p&aring; n&aring;got s&auml;tt &auml;r delaktig i andra bolagsformer som avser att <strong>utf&ouml;ra tj&auml;nsten i fr&aring;ga <\/strong>f&aring;r inte heller s&ouml;ka om rutavdrag.<\/li>\n<\/ul>\n<h2><strong>Vilka tj&auml;nster &auml;r godk&auml;nda f&ouml;r rutavdrag?<\/strong><\/h2>\n<ul>\n<li>St&auml;dning <\/li>\n<li>Barnpassning<\/li>\n<li>Ta hand om en person och ge omsorg<\/li>\n<li>Tv&auml;tt, lagning och strykning<\/li>\n<li>Tr&auml;dg&aring;rdsarbete och tr&auml;df&auml;llning<\/li>\n<li>Flytt-tj&auml;nster<\/li>\n<li>Reparation av vitvaror<\/li>\n<li>Sn&ouml;skottning<\/li>\n<li>Fiber- och it-tj&auml;nster<\/li>\n<\/ul>\n<h3><strong>Hemst&auml;dning som ger rutavdrag<\/strong><\/h3>\n<p>St&auml;dtj&auml;nsten m&aring;ste utf&ouml;ras i eller i anslutning till din bostad, exempelvis bostadsr&auml;tt, hyresr&auml;tt eller fritidshus. Ytor\/utrymmen i anslutning till din bostad &auml;r exempelvis din altan, f&ouml;rr&aring;d och garage. Det g&auml;ller att st&auml;dhj&auml;lpen &auml;r av enklare slag och d&aring; inber&auml;knas f&ouml;ljande st&auml;dtj&auml;nster:<\/p>\n<ul>\n<li>Dammsugning, dammtorkning, diskning och f&ouml;nsterputsning.<\/li>\n<li>St&auml;da ur f&ouml;rvaringsytor s&aring;som l&aring;dor, sk&aring;p samt kyl och frys.<\/li>\n<li>Flytta runt m&ouml;bler som kr&auml;ver f&ouml;rflyttning f&ouml;r att det ska vara m&ouml;jligt att st&auml;da p&aring; vissa ytor.<\/li>\n<li>St&auml;da altanen genom sopning och torkning med enkla redskap.<\/li>\n<li>Hemst&auml;dning i samband med in- eller utflytt ur bostad.<\/li>\n<li>St&auml;dning och reng&ouml;ring av spis och fl&auml;kt i k&ouml;k, i den m&aring;n att ytor torkas och filter rensas.<\/li>\n<\/ul>\n<p>F&ouml;r gr&ouml;vre st&auml;dtj&auml;nster s&aring;som st&auml;dning av trapphus, tv&auml;ttstuga och dylika gemensamhetsutrymmen i flerfamiljshus eller poolst&auml;dning har du inte r&auml;tt till rutavdrag. Bes&ouml;k <a href=\"https:\/\/www.skatteverket.se\/privat\/fastigheterochbostad\/rotochrutarbete\/gerarbetetratttillrutavdrag.106.5c1163881590be297b53de7.html\">Skatteverkets hemsida<\/a> f&ouml;r en utt&ouml;mmande lista med de tj&auml;nster som rutavdraget innefattar.<\/p>\n<h2><strong>Hur f&aring;r jag rutavdrag?<\/strong><\/h2>\n<p>Du kan f&aring; skattereduktion n&auml;r du anlitar en privatperson med A-skatt f&ouml;r att utf&ouml;ra ett rot- eller rutarbete. Skattereduktionen motsvarar arbetsgivaravgiften som du redovisar i den f&ouml;renklade arbetsgivardeklarationen. F&ouml;r mer information om hur det g&aring;r till n&auml;r du anlitar en privatperson, l&auml;s mer i <a href=\"https:\/\/yoopies.se\/c\/anstalla-barnvakt-privat\">v&aring;r guide <\/a>eller p&aring; <a href=\"https:\/\/www.skatteverket.se\/privat\/skatter\/arbeteochinkomst\/inkomster\/anlitaenprivatperson.4.d1afd3103d689ac2a80002439.html\">Skatteverkets hemsida<\/a>.<\/p>\n<\/p>\n<p><a class=\"button\" href=\"https:\/\/yoopies.se\">Hitta hj\u00e4lp till hemmet nu!<\/a><\/p>\n","protected":false},"excerpt":{"rendered":"<p>Kanske har du hittat en barnvakt eller st&auml;dhj&auml;lp till ditt hem, eller s&aring; kanske du &hellip; <\/p>\n","protected":false},"author":10,"featured_media":18,"parent":0,"menu_order":0,"comment_status":"closed","ping_status":"closed","template":"","meta":{"_acf_changed":false,"footnotes":""},"class_list":["post-16","page","type-page","status-publish","has-post-thumbnail","hentry"],"acf":[],"yoast_head":"<!-- This site is optimized with the Yoast SEO plugin v26.9 - https:\/\/yoast.com\/product\/yoast-seo-wordpress\/ -->\n<title>Statligt st\u00f6d n\u00e4r du anst\u00e4ller hemhj\u00e4lp<\/title>\n<meta name=\"description\" content=\"Vad s\u00e4ger egentligen skattereglerna om betalning vid barnpassning eller st\u00e4dhj\u00e4lp i hemmet? Vilket monet\u00e4rt st\u00f6d kan du f\u00e5? Vi \u00e4r h\u00e4r f\u00f6r att hj\u00e4lpa dig!\" \/>\n<meta name=\"robots\" content=\"index, follow, max-snippet:-1, max-image-preview:large, max-video-preview:-1\" \/>\n<link rel=\"canonical\" href=\"https:\/\/yoopies.se\/c\/statligt-stod-nar-du-anstaller-hemhjalp\/\" \/>\n<meta property=\"og:locale\" content=\"sv_SE\" \/>\n<meta property=\"og:type\" content=\"article\" \/>\n<meta property=\"og:title\" content=\"Statligt st\u00f6d n\u00e4r du anst\u00e4ller hemhj\u00e4lp\" \/>\n<meta property=\"og:description\" content=\"Vad s\u00e4ger egentligen skattereglerna om betalning vid barnpassning eller st\u00e4dhj\u00e4lp i hemmet? Vilket monet\u00e4rt st\u00f6d kan du f\u00e5? Vi \u00e4r h\u00e4r f\u00f6r att hj\u00e4lpa dig!\" \/>\n<meta property=\"og:url\" content=\"https:\/\/yoopies.se\/c\/statligt-stod-nar-du-anstaller-hemhjalp\/\" \/>\n<meta property=\"og:site_name\" content=\"Yoopies Sverige\" \/>\n<meta property=\"article:modified_time\" content=\"2025-06-12T08:39:12+00:00\" \/>\n<meta property=\"og:image\" content=\"https:\/\/yoopies.se\/c\/wp-content\/uploads\/sites\/16\/2022\/08\/89e306bb-d4ca-44a0-8cf1-23bff2172e3d-pexels-fauxels-318446528129-1.jpg\" \/>\n\t<meta property=\"og:image:width\" content=\"1200\" \/>\n\t<meta property=\"og:image:height\" content=\"800\" \/>\n\t<meta property=\"og:image:type\" content=\"image\/jpeg\" \/>\n<meta name=\"twitter:card\" content=\"summary_large_image\" \/>\n<meta name=\"twitter:label1\" content=\"Ber\u00e4knad l\u00e4stid\" \/>\n\t<meta name=\"twitter:data1\" content=\"5 minuter\" \/>\n<script type=\"application\/ld+json\" class=\"yoast-schema-graph\">{\"@context\":\"https:\/\/schema.org\",\"@graph\":[{\"@type\":\"WebPage\",\"@id\":\"https:\/\/yoopies.se\/c\/statligt-stod-nar-du-anstaller-hemhjalp\/\",\"url\":\"https:\/\/yoopies.se\/c\/statligt-stod-nar-du-anstaller-hemhjalp\/\",\"name\":\"Statligt st\u00f6d n\u00e4r du anst\u00e4ller hemhj\u00e4lp\",\"isPartOf\":{\"@id\":\"https:\/\/yoopies.se\/c\/#website\"},\"primaryImageOfPage\":{\"@id\":\"https:\/\/yoopies.se\/c\/statligt-stod-nar-du-anstaller-hemhjalp\/#primaryimage\"},\"image\":{\"@id\":\"https:\/\/yoopies.se\/c\/statligt-stod-nar-du-anstaller-hemhjalp\/#primaryimage\"},\"thumbnailUrl\":\"https:\/\/yoopies.se\/c\/wp-content\/uploads\/sites\/16\/2022\/08\/89e306bb-d4ca-44a0-8cf1-23bff2172e3d-pexels-fauxels-318446528129-1.jpg\",\"datePublished\":\"2022-08-19T12:21:37+00:00\",\"dateModified\":\"2025-06-12T08:39:12+00:00\",\"description\":\"Vad s\u00e4ger egentligen skattereglerna om betalning vid barnpassning eller st\u00e4dhj\u00e4lp i hemmet? Vilket monet\u00e4rt st\u00f6d kan du f\u00e5? Vi \u00e4r h\u00e4r f\u00f6r att hj\u00e4lpa dig!\",\"breadcrumb\":{\"@id\":\"https:\/\/yoopies.se\/c\/statligt-stod-nar-du-anstaller-hemhjalp\/#breadcrumb\"},\"inLanguage\":\"sv-SE\",\"potentialAction\":[{\"@type\":\"ReadAction\",\"target\":[\"https:\/\/yoopies.se\/c\/statligt-stod-nar-du-anstaller-hemhjalp\/\"]}]},{\"@type\":\"ImageObject\",\"inLanguage\":\"sv-SE\",\"@id\":\"https:\/\/yoopies.se\/c\/statligt-stod-nar-du-anstaller-hemhjalp\/#primaryimage\",\"url\":\"https:\/\/yoopies.se\/c\/wp-content\/uploads\/sites\/16\/2022\/08\/89e306bb-d4ca-44a0-8cf1-23bff2172e3d-pexels-fauxels-318446528129-1.jpg\",\"contentUrl\":\"https:\/\/yoopies.se\/c\/wp-content\/uploads\/sites\/16\/2022\/08\/89e306bb-d4ca-44a0-8cf1-23bff2172e3d-pexels-fauxels-318446528129-1.jpg\",\"width\":1200,\"height\":800},{\"@type\":\"BreadcrumbList\",\"@id\":\"https:\/\/yoopies.se\/c\/statligt-stod-nar-du-anstaller-hemhjalp\/#breadcrumb\",\"itemListElement\":[{\"@type\":\"ListItem\",\"position\":1,\"name\":\"Home\",\"item\":\"https:\/\/yoopies.se\/c\/\"},{\"@type\":\"ListItem\",\"position\":2,\"name\":\"Statligt st\u00f6d n\u00e4r du anst\u00e4ller hemhj\u00e4lp\"}]},{\"@type\":\"WebSite\",\"@id\":\"https:\/\/yoopies.se\/c\/#website\",\"url\":\"https:\/\/yoopies.se\/c\/\",\"name\":\"Yoopies Sverige\",\"description\":\"\",\"potentialAction\":[{\"@type\":\"SearchAction\",\"target\":{\"@type\":\"EntryPoint\",\"urlTemplate\":\"https:\/\/yoopies.se\/c\/?s={search_term_string}\"},\"query-input\":{\"@type\":\"PropertyValueSpecification\",\"valueRequired\":true,\"valueName\":\"search_term_string\"}}],\"inLanguage\":\"sv-SE\"}]}<\/script>\n<!-- \/ Yoast SEO plugin. -->","yoast_head_json":{"title":"Statligt st\u00f6d n\u00e4r du anst\u00e4ller hemhj\u00e4lp","description":"Vad s\u00e4ger egentligen skattereglerna om betalning vid barnpassning eller st\u00e4dhj\u00e4lp i hemmet? Vilket monet\u00e4rt st\u00f6d kan du f\u00e5? Vi \u00e4r h\u00e4r f\u00f6r att hj\u00e4lpa dig!","robots":{"index":"index","follow":"follow","max-snippet":"max-snippet:-1","max-image-preview":"max-image-preview:large","max-video-preview":"max-video-preview:-1"},"canonical":"https:\/\/yoopies.se\/c\/statligt-stod-nar-du-anstaller-hemhjalp\/","og_locale":"sv_SE","og_type":"article","og_title":"Statligt st\u00f6d n\u00e4r du anst\u00e4ller hemhj\u00e4lp","og_description":"Vad s\u00e4ger egentligen skattereglerna om betalning vid barnpassning eller st\u00e4dhj\u00e4lp i hemmet? Vilket monet\u00e4rt st\u00f6d kan du f\u00e5? Vi \u00e4r h\u00e4r f\u00f6r att hj\u00e4lpa dig!","og_url":"https:\/\/yoopies.se\/c\/statligt-stod-nar-du-anstaller-hemhjalp\/","og_site_name":"Yoopies Sverige","article_modified_time":"2025-06-12T08:39:12+00:00","og_image":[{"width":1200,"height":800,"url":"https:\/\/yoopies.se\/c\/wp-content\/uploads\/sites\/16\/2022\/08\/89e306bb-d4ca-44a0-8cf1-23bff2172e3d-pexels-fauxels-318446528129-1.jpg","type":"image\/jpeg"}],"twitter_card":"summary_large_image","twitter_misc":{"Ber\u00e4knad l\u00e4stid":"5 minuter"},"schema":{"@context":"https:\/\/schema.org","@graph":[{"@type":"WebPage","@id":"https:\/\/yoopies.se\/c\/statligt-stod-nar-du-anstaller-hemhjalp\/","url":"https:\/\/yoopies.se\/c\/statligt-stod-nar-du-anstaller-hemhjalp\/","name":"Statligt st\u00f6d n\u00e4r du anst\u00e4ller hemhj\u00e4lp","isPartOf":{"@id":"https:\/\/yoopies.se\/c\/#website"},"primaryImageOfPage":{"@id":"https:\/\/yoopies.se\/c\/statligt-stod-nar-du-anstaller-hemhjalp\/#primaryimage"},"image":{"@id":"https:\/\/yoopies.se\/c\/statligt-stod-nar-du-anstaller-hemhjalp\/#primaryimage"},"thumbnailUrl":"https:\/\/yoopies.se\/c\/wp-content\/uploads\/sites\/16\/2022\/08\/89e306bb-d4ca-44a0-8cf1-23bff2172e3d-pexels-fauxels-318446528129-1.jpg","datePublished":"2022-08-19T12:21:37+00:00","dateModified":"2025-06-12T08:39:12+00:00","description":"Vad s\u00e4ger egentligen skattereglerna om betalning vid barnpassning eller st\u00e4dhj\u00e4lp i hemmet? Vilket monet\u00e4rt st\u00f6d kan du f\u00e5? Vi \u00e4r h\u00e4r f\u00f6r att hj\u00e4lpa dig!","breadcrumb":{"@id":"https:\/\/yoopies.se\/c\/statligt-stod-nar-du-anstaller-hemhjalp\/#breadcrumb"},"inLanguage":"sv-SE","potentialAction":[{"@type":"ReadAction","target":["https:\/\/yoopies.se\/c\/statligt-stod-nar-du-anstaller-hemhjalp\/"]}]},{"@type":"ImageObject","inLanguage":"sv-SE","@id":"https:\/\/yoopies.se\/c\/statligt-stod-nar-du-anstaller-hemhjalp\/#primaryimage","url":"https:\/\/yoopies.se\/c\/wp-content\/uploads\/sites\/16\/2022\/08\/89e306bb-d4ca-44a0-8cf1-23bff2172e3d-pexels-fauxels-318446528129-1.jpg","contentUrl":"https:\/\/yoopies.se\/c\/wp-content\/uploads\/sites\/16\/2022\/08\/89e306bb-d4ca-44a0-8cf1-23bff2172e3d-pexels-fauxels-318446528129-1.jpg","width":1200,"height":800},{"@type":"BreadcrumbList","@id":"https:\/\/yoopies.se\/c\/statligt-stod-nar-du-anstaller-hemhjalp\/#breadcrumb","itemListElement":[{"@type":"ListItem","position":1,"name":"Home","item":"https:\/\/yoopies.se\/c\/"},{"@type":"ListItem","position":2,"name":"Statligt st\u00f6d n\u00e4r du anst\u00e4ller hemhj\u00e4lp"}]},{"@type":"WebSite","@id":"https:\/\/yoopies.se\/c\/#website","url":"https:\/\/yoopies.se\/c\/","name":"Yoopies Sverige","description":"","potentialAction":[{"@type":"SearchAction","target":{"@type":"EntryPoint","urlTemplate":"https:\/\/yoopies.se\/c\/?s={search_term_string}"},"query-input":{"@type":"PropertyValueSpecification","valueRequired":true,"valueName":"search_term_string"}}],"inLanguage":"sv-SE"}]}},"_links":{"self":[{"href":"https:\/\/yoopies.se\/c\/wp-json\/wp\/v2\/pages\/16","targetHints":{"allow":["GET"]}}],"collection":[{"href":"https:\/\/yoopies.se\/c\/wp-json\/wp\/v2\/pages"}],"about":[{"href":"https:\/\/yoopies.se\/c\/wp-json\/wp\/v2\/types\/page"}],"author":[{"embeddable":true,"href":"https:\/\/yoopies.se\/c\/wp-json\/wp\/v2\/users\/10"}],"replies":[{"embeddable":true,"href":"https:\/\/yoopies.se\/c\/wp-json\/wp\/v2\/comments?post=16"}],"version-history":[{"count":1,"href":"https:\/\/yoopies.se\/c\/wp-json\/wp\/v2\/pages\/16\/revisions"}],"predecessor-version":[{"id":19,"href":"https:\/\/yoopies.se\/c\/wp-json\/wp\/v2\/pages\/16\/revisions\/19"}],"wp:featuredmedia":[{"embeddable":true,"href":"https:\/\/yoopies.se\/c\/wp-json\/wp\/v2\/media\/18"}],"wp:attachment":[{"href":"https:\/\/yoopies.se\/c\/wp-json\/wp\/v2\/media?parent=16"}],"curies":[{"name":"wp","href":"https:\/\/api.w.org\/{rel}","templated":true}]}}